{"id":167,"date":"2016-09-16T08:42:24","date_gmt":"2016-09-16T06:42:24","guid":{"rendered":"https:\/\/melanie-hanson.themerex.net\/?page_id=167"},"modified":"2019-04-06T19:10:30","modified_gmt":"2019-04-06T17:10:30","slug":"contact","status":"publish","type":"page","link":"https:\/\/fluidite.fr\/index.php\/contact\/","title":{"rendered":"Restons en contact"},"content":{"rendered":"<p>[vc_row][vc_column width=&#8221;1\/6&#8243;][\/vc_column][vc_column width=&#8221;2\/3&#8243;][vc_empty_space alter_height=&#8221;large&#8221; hide_on_mobile=&#8221;&#8221;]<div id=\"sc_title_352084864\"\r\n\t\tclass=\"sc_title sc_title_default\"><h3 class=\"sc_item_title sc_title_title sc_align_center sc_item_title_style_default\">Need to get in touch? Please use the form below!<\/h3><div class=\"sc_item_descr sc_title_descr sc_align_center\">If you\u2019re interested in any of my programs or events, want to hire me to speak, or want to suggest a topic for a future blog post, use the form below and a member from my team will get back to you.<\/div><\/div><!-- \/.sc_title -->[vc_empty_space alter_height=&#8221;medium&#8221; hide_on_mobile=&#8221;&#8221;][vc_row_inner][vc_column_inner width=&#8221;1\/3&#8243;]<div id=\"sc_icons_322831165\" \n\tclass=\"sc_icons sc_icons_default sc_icons_size_small sc_align_center\"\n\t\t><div class=\"sc_icons_item\"><div id=\"sc_icons_322831165_icon-location-marker\" class=\"sc_icons_icon sc_icon_type_fontawesome icon-location-marker\"\n\t\t\t\t\t\t style=\"background-color: #fda872\"\t\t\t\t\t\t><span class=\"sc_icon_inner\" style=\"background-color: #fda872\"><\/span><\/div><\/div><\/div><!-- \/.sc_icons -->[vc_column_text css=&#8221;.vc_custom_1541257946743{margin-top: 1em !important;}&#8221;]<\/p>\n<p style=\"text-align: center;\">143 W street name,<br \/>\nNew York, NY 10014[\/vc_column_text][\/vc_column_inner][vc_column_inner width=&#8221;1\/3&#8243;]<div id=\"sc_icons_1625244532\" \n\tclass=\"sc_icons sc_icons_default sc_icons_size_small sc_align_center\"\n\t\t><div class=\"sc_icons_item\"><div id=\"sc_icons_1625244532_icon-open-letter\" class=\"sc_icons_icon sc_icon_type_fontawesome icon-open-letter\"\n\t\t\t\t\t\t style=\"background-color: #42caf3\"\t\t\t\t\t\t><span class=\"sc_icon_inner\" style=\"background-color: #42caf3\"><\/span><\/div><\/div><\/div><!-- \/.sc_icons -->[vc_column_text css=&#8221;.vc_custom_1541257939537{margin-top: 1em !important;}&#8221;]<\/p>\n<p style=\"text-align: center;\"><a href=\"mailto:info@yoursite.com\" target=\"_blank\" rel=\"noopener noreferrer\"> info@yoursite.com<\/a><br \/>\n<a href=\"mailto:general@yoursite.com\" target=\"_blank\" rel=\"noopener noreferrer\">general@yoursite.com<\/a>[\/vc_column_text][\/vc_column_inner][vc_column_inner width=&#8221;1\/3&#8243;]<div id=\"sc_icons_1675012415\" \n\tclass=\"sc_icons sc_icons_default sc_icons_size_small sc_align_center\"\n\t\t><div class=\"sc_icons_item\"><div id=\"sc_icons_1675012415_icon-speech-bubble-with-phone-receiver\" class=\"sc_icons_icon sc_icon_type_fontawesome icon-speech-bubble-with-phone-receiver\"\n\t\t\t\t\t\t style=\"background-color: #8edcc0\"\t\t\t\t\t\t><span class=\"sc_icon_inner\" style=\"background-color: #8edcc0\"><\/span><\/div><\/div><\/div><!-- \/.sc_icons -->[vc_column_text css=&#8221;.vc_custom_1541258200904{margin-top: 1em !important;}&#8221;]<\/p>\n<p style=\"text-align: center;\"><a href=\"tel:+8001234567\" target=\"_blank\" rel=\"noopener noreferrer\">+1 (800) 123-4567<\/a><br \/>\n<a href=\"tel:+8001234566\" target=\"_blank\" rel=\"noopener noreferrer\">+1 (800) 123-4566<\/a>[\/vc_column_text][\/vc_column_inner][\/vc_row_inner][vc_empty_space alter_height=&#8221;huge&#8221; hide_on_mobile=&#8221;&#8221;][\/vc_column][vc_column width=&#8221;1\/6&#8243;][\/vc_column][\/vc_row][vc_row full_width=&#8221;stretch_row&#8221; css=&#8221;.vc_custom_1474294136035{background-color: #f9f9f9 !important;}&#8221;][vc_column width=&#8221;1\/6&#8243;][\/vc_column][vc_column width=&#8221;2\/3&#8243;]<div id=\"sc_content_1349389681\"\r\n\t\tclass=\"sc_content sc_content_default sc_align_center\"><div class=\"sc_content_container\">[vc_empty_space alter_height=&#8221;large&#8221; hide_on_mobile=&#8221;&#8221;]<div id=\"sc_title_383807148\"\r\n\t\tclass=\"sc_title sc_title_default\"><h3 class=\"sc_item_title sc_title_title sc_align_center sc_item_title_style_default\">Restons en contact<\/h3><div class=\"sc_item_descr sc_title_descr sc_align_center\">Envoyez-moi un e-mail avec quelques mots sur ce que vous cherchez \u00e0 r\u00e9aliser et je peux planifier une consultation initiale GRATUITE pour \u00e9changer, prendre connaissance de votre histoire et de votre posture. Discutons et \u00e9tudions ensemble de vos objectifs.<\/div><\/div><!-- \/.sc_title -->[vc_empty_space alter_height=&#8221;medium&#8221; hide_on_mobile=&#8221;&#8221;]\n<div class=\"wpcf7 no-js\" id=\"wpcf7-f1323-o1\" lang=\"en-US\" dir=\"ltr\">\n<div class=\"screen-reader-response\"><p role=\"status\" aria-live=\"polite\" aria-atomic=\"true\"><\/p> <ul><\/ul><\/div>\n<form action=\"\/index.php\/wp-json\/wp\/v2\/pages\/167#wpcf7-f1323-o1\" method=\"post\" class=\"wpcf7-form init\" aria-label=\"Contact form\" novalidate=\"novalidate\" data-status=\"init\">\n<div style=\"display: none;\">\n<input type=\"hidden\" name=\"_wpcf7\" value=\"1323\" \/>\n<input type=\"hidden\" name=\"_wpcf7_version\" value=\"5.7.6\" \/>\n<input type=\"hidden\" name=\"_wpcf7_locale\" value=\"en_US\" \/>\n<input type=\"hidden\" name=\"_wpcf7_unit_tag\" value=\"wpcf7-f1323-o1\" \/>\n<input type=\"hidden\" name=\"_wpcf7_container_post\" value=\"0\" \/>\n<input type=\"hidden\" name=\"_wpcf7_posted_data_hash\" value=\"\" \/>\n<\/div>\n<div class=\"columns_wrap\">\n\t<div class=\"column-1_2\">\n\t\t<p><span class=\"wpcf7-form-control-wrap\" data-name=\"your-name\"><input size=\"40\" class=\"wpcf7-form-control wpcf7-text wpcf7-validates-as-required\" aria-required=\"true\" aria-invalid=\"false\" placeholder=\"Votre pr\u00e9nom et nom*\" value=\"\" type=\"text\" name=\"your-name\" \/><\/span>\n\t\t<\/p>\n\t<\/div>\n\t<div class=\"column-1_2\">\n\t\t<p><span class=\"wpcf7-form-control-wrap\" data-name=\"your-email\"><input size=\"40\" class=\"wpcf7-form-control wpcf7-text wpcf7-email wpcf7-validates-as-required wpcf7-validates-as-email\" aria-required=\"true\" aria-invalid=\"false\" placeholder=\"Votre e-mail*\" value=\"\" type=\"email\" name=\"your-email\" \/><\/span>\n\t\t<\/p>\n\t<\/div>\n<\/div>\n<div class=\"columns_wrap\">\n\t<div class=\"column-1_1\">\n\t\t<p><span class=\"wpcf7-form-control-wrap\" data-name=\"textarea-message\"><textarea cols=\"40\" rows=\"10\" class=\"wpcf7-form-control wpcf7-textarea wpcf7-validates-as-required\" aria-required=\"true\" aria-invalid=\"false\" placeholder=\"Votre message*\" name=\"textarea-message\"><\/textarea><\/span>\n\t\t<\/p>\n\t<\/div>\n<\/div>\n<div class=\"columns_wrap\">\n\t<div class=\"column-1_1\">\n\t\t<p><span class=\"wpcf7-form-control-wrap\" data-name=\"acceptance-86\"><span class=\"wpcf7-form-control wpcf7-acceptance\"><span class=\"wpcf7-list-item\"><label><input type=\"checkbox\" name=\"acceptance-86\" value=\"1\" aria-invalid=\"false\" \/><span class=\"wpcf7-list-item-label\">J'accepte que mes donn\u00e9es soient collect\u00e9es et stock\u00e9es, en vue d'\u00eatre contact\u00e9.e par Karine Mallet.<\/span><\/label><\/span><\/span><\/span>\n\t\t<\/p>\n\t\t<p><span class=\"sc_button sc_button_default sc_button_size_normal sc_button_hover_antiman\"><input class=\"wpcf7-form-control has-spinner wpcf7-submit\" type=\"submit\" value=\"Envoyer\" \/><\/span>\n\t\t<\/p>\n\t<\/div>\n<\/div><p style=\"display: none !important;\"><label>&#916;<textarea name=\"_wpcf7_ak_hp_textarea\" cols=\"45\" rows=\"8\" maxlength=\"100\"><\/textarea><\/label><input type=\"hidden\" id=\"ak_js_1\" name=\"_wpcf7_ak_js\" value=\"155\"\/><script>document.getElementById( \"ak_js_1\" ).setAttribute( \"value\", ( new Date() ).getTime() );<\/script><\/p><div class=\"wpcf7-response-output\" aria-hidden=\"true\"><\/div>\n<\/form>\n<\/div>\n[vc_empty_space alter_height=&#8221;medium&#8221; hide_on_mobile=&#8221;&#8221;][vc_empty_space alter_height=&#8221;medium&#8221; hide_on_mobile=&#8221;&#8221;]<\/div><\/div><!-- \/.sc_content -->[\/vc_column][vc_column width=&#8221;1\/6&#8243;][\/vc_column][\/vc_row][vc_row full_width=&#8221;stretch_row_content_no_spaces&#8221;][vc_column]<div id=\"sc_googlemap_652042741_wrap\" class=\"sc_googlemap_wrap\"><div id=\"sc_googlemap_652042741\"\r\n\t\t\tclass=\"sc_googlemap sc_googlemap_default\"\r\n\t\t\t style=\"width:100%;height:568px;\"\t\t\tdata-zoom=\"16\"\r\n\t\t\tdata-style=\"melanie\"\r\n\t\t><iframe\r\n\t\t\t\tsrc=\"https:\/\/maps.google.com\/maps?t=m&output=embed&iwloc=near&z=16&q=7337+Trade+St%2C+San+Diego%2C+CA+92121\"\r\n\t\t\t\tscrolling=\"no\"\r\n\t\t\t\tmarginheight=\"0\"\r\n\t\t\t\tmarginwidth=\"0\"\r\n\t\t\t\tframeborder=\"0\"\r\n\t\t\t\taria-label=\"\"><\/iframe><\/div><\/div><!-- \/.sc_googlemap_wrap -->[\/vc_column][\/vc_row]<\/p>\n","protected":false},"excerpt":{"rendered":"<p>[vc_row][vc_column width=&#8221;1\/6&#8243;][\/vc_column][vc_column width=&#8221;2\/3&#8243;][vc_empty_space alter_height=&#8221;large&#8221; hide_on_mobile=&#8221;&#8221;][vc_empty_space alter_height=&#8221;medium&#8221; hide_on_mobile=&#8221;&#8221;][vc_row_inner][vc_column_inner width=&#8221;1\/3&#8243;][vc_column_text css=&#8221;.vc_custom_1541257946743{margin-top: 1em !important;}&#8221;] 143 W street name, New York, NY 10014[\/vc_column_text][\/vc_column_inner][vc_column_inner width=&#8221;1\/3&#8243;][vc_column_text css=&#8221;.vc_custom_1541257939537{margin-top: 1em !important;}&#8221;] info@yoursite.com general@yoursite.com[\/vc_column_text][\/vc_column_inner][vc_column_inner width=&#8221;1\/3&#8243;][vc_column_text css=&#8221;.vc_custom_1541258200904{margin-top: 1em !important;}&#8221;] +1 (800) 123-4567 +1 (800) 123-4566[\/vc_column_text][\/vc_column_inner][\/vc_row_inner][vc_empty_space alter_height=&#8221;huge&#8221; hide_on_mobile=&#8221;&#8221;][\/vc_column][vc_column width=&#8221;1\/6&#8243;][\/vc_column][\/vc_row][vc_row full_width=&#8221;stretch_row&#8221; css=&#8221;.vc_custom_1474294136035{background-color: #f9f9f9 !important;}&#8221;][vc_column width=&#8221;1\/6&#8243;][\/vc_column][vc_column width=&#8221;2\/3&#8243;][\/vc_column][vc_column width=&#8221;1\/6&#8243;][\/vc_column][\/vc_row][vc_row full_width=&#8221;stretch_row_content_no_spaces&#8221;][vc_column][\/vc_column][\/vc_row]<\/p>\n","protected":false},"author":10,"featured_media":0,"parent":0,"menu_order":0,"comment_status":"closed","ping_status":"closed","template":"","meta":[],"_links":{"self":[{"href":"https:\/\/fluidite.fr\/index.php\/wp-json\/wp\/v2\/pages\/167"}],"collection":[{"href":"https:\/\/fluidite.fr\/index.php\/wp-json\/wp\/v2\/pages"}],"about":[{"href":"https:\/\/fluidite.fr\/index.php\/wp-json\/wp\/v2\/types\/page"}],"author":[{"embeddable":true,"href":"https:\/\/fluidite.fr\/index.php\/wp-json\/wp\/v2\/users\/10"}],"replies":[{"embeddable":true,"href":"https:\/\/fluidite.fr\/index.php\/wp-json\/wp\/v2\/comments?post=167"}],"version-history":[{"count":2,"href":"https:\/\/fluidite.fr\/index.php\/wp-json\/wp\/v2\/pages\/167\/revisions"}],"predecessor-version":[{"id":1527,"href":"https:\/\/fluidite.fr\/index.php\/wp-json\/wp\/v2\/pages\/167\/revisions\/1527"}],"wp:attachment":[{"href":"https:\/\/fluidite.fr\/index.php\/wp-json\/wp\/v2\/media?parent=167"}],"curies":[{"name":"wp","href":"https:\/\/api.w.org\/{rel}","templated":true}]}}